Suppose z = 4*a - y, a + 2*a - z = 8182. Is a composite?
False
Let s(q) = -q**3 + 38*q**2 + 43*q - 91. Is s(38) composite?
False
Let q be 1 - (0 - 3 - 2221). Suppose -t + 3*t = -4*c + 906, 0 = -5*t - 2*c + q. Is t prime?
True
Suppose 4*g = 559 + 5325. Is g composite?
False
Suppose 6*t = -5*w + 3*t + 30982, -t - 30986 = -5*w. Is w composite?
False
Let t be (-15)/(30/6) + 2*9. Let z(n) = 4*n**2 + 8*n + 29. Is z(t) a prime number?
True
Let m(t) = t**3 + 7*t**2 + 6*t - 2. Let o = 15 + -21. Let w be m(o). Is w + 703 + 3 + -3 prime?
True
Suppose -u = -4*n - 6855, -u - u + n = -13682. Is u a composite number?
True
Let z be 808/4*(2 + 6)/4. Let b = z - 145. Is b composite?
True
Suppose 3*z + 4 = 4*z. Suppose 7*n + z = -17. Is ((-28)/(-8) + n)*28 prime?
False
Let i = 2 - 0. Suppose 8 = -118*j + 122*j. Suppose -y - 256 = -3*y - j*x, i = 2*x. Is y a prime number?
True
Is 83/((-6)/(-426 + -6)) + 5 a composite number?
False
Let f be (5 - 2) + (1454 - 0). Suppose 4*j + o = j + 1432, -4*o = -3*j + f. Is j composite?
False
Let h be ((-1)/5 + (-63318)/(-90))*-3. Is 10/4*h/20*-4 composite?
True
Suppose 3*h - 8*h + 3675 = 0. Suppose -4*y - y = -h. Let i = y - 80. Is i prime?
True
Suppose -4*o - 4*l = -4 - 4, -2*o + 5*l + 4 = 0. Suppose 5*q + 3*h - 3168 = 0, -4*h - 631 = -q - o*h. Is q prime?
False
Let y = -90 + 91. Is (-3)/((5 - 2)*y/(-673)) prime?
True
Suppose -4*i = -2*i + 6, -2*a - 15 = 5*i. Suppose -5*s + 358 = -32. Suppose a = -8*l + 5*l + s. Is l a prime number?
False
Let g(p) be the first derivative of 7*p**2 + 9*p - 18. Is g(4) prime?
False
Suppose 5*m - 12 = 3. Suppose -2*f + l - 10 = -l, m*l + 6 = -4*f. Is f + (61 - -1)*1 prime?
True
Suppose -204 = 3*q - 52767. Is q composite?
True
Let y = 398 + 782. Let r be (-14091)/(-12) + (-2)/8. Suppose 5*a + 2*v = -3*v + y, 0 = -5*a + v + r. Is a a composite number?
True
Suppose -3*c + 10941 = 3*y, 3*y - 18 = -6. Is c a composite number?
False
Suppose 3*x - 2*n = 6 + 7, -2*n = -5*x + 19. Suppose k = -0*r - 3*r + 204, 0 = -x*r - 9. Is k prime?
False
Let u be (-21)/2*(-8)/6. Let m = 20 - u. Suppose g = -2*i + m*g + 732, -2*i = -4*g - 734. Is i a composite number?
True
Let i(u) = u**3 + 2*u**2 - 14*u - 4. Let r be i(-5). Let c(a) = a**3 + 10*a**2 + 11*a - 10. Let y be c(r). Is (-2)/(40/835)*y composite?
True
Suppose 0*q - 5*u = 3*q - 4398, 0 = 3*q - 3*u - 4398. Is q a prime number?
False
Let t be (-10 + 14)*(-1 - (2 + -1)). Is (-4)/14 - t/((-56)/(-1017)) a prime number?
False
Let i = 6276 - 3554. Is i a composite number?
True
Suppose 5*o - 30 = -0*o. Let f be o/(-33) + 4096/22. Is f + -1 - 0/(-2) a prime number?
False
Let d be -1 - (-4)/(12/3981). Suppose 5*r = j - 677, 4*j - 2*j = -4*r + d. Is j composite?
True
Let v be 5 + -1 + (-2)/(-2). Suppose -4*h - v*z + 12 = -h, -2*h + 4*z + 30 = 0. Let n = 20 - h. Is n a composite number?
False
Suppose -3*j = -6 - 3. Suppose 4*v - 4*d + 9*d - 40 = 0, 0 = j*d. Suppose -4456 = -v*w + 2*w. Is w composite?
False
Suppose 4*w - 36 = 3*w - y, 4*w = 2*y + 120. Let m be 472/10 - w/(-40). Let r = -15 + m. Is r a prime number?
False
Suppose 2*a - 307 = -5*x, a + 3*x - 158 = -x. Suppose -140 + 15 = 5*u. Let j = a + u. Is j composite?
True
Let b = 180687 - 116848. Is b prime?
True
Let s = -936 + 2082. Suppose -5*n + 837 = 4*z, -4*n = 4*z - s + 306. Is z a prime number?
False
Suppose 2*v + 3*y = 4*y + 227, -y - 113 = -v. Let k = v + -63. Is k prime?
False
Let q(i) = 135*i**2 - 151*i + 757. Is q(5) prime?
False
Let w(t) = t**3 - t**2 + t + 853. Let i = 23 + -20. Suppose i*y = 7*y. Is w(y) prime?
True
Let z be -3*((-424 - 3) + 0). Suppose 5*k - l + z = 0, -4*k - 502 = -2*k - 3*l. Is k/(-5) - (-2)/(-5) composite?
True
Suppose 98*r + 12 = 101*r. Suppose 15 = -5*b, -r*z + 806 = 2*b - 1128. Is z a composite number?
True
Suppose 4*j = -8 + 4. Is j/(3/(-4709)*5/15) a prime number?
False
Let t(n) = 367*n**2 + 16*n - 22. Is t(3) a composite number?
False
Let a = -1900 + 7457. Is a a prime number?
True
Suppose -2*a - 2 = -4*a, 3*m = -2*a + 11. Suppose 399 = m*c - 3. Suppose -5*r = 5, -2*n + c = 2*r - 6. Is n a prime number?
True
Let y = -188 + 6611. Is y prime?
False
Let i = 13207 + 1624. Is i a prime number?
True
Let x(s) = 8*s**3 - 6*s**2 - 19*s - 20. Is x(9) a composite number?
True
Let x(r) = 209*r + 8. Let d be x(-3). Let v = 10 - d. Is v composite?
True
Is (3662/3)/(52/1482) a prime number?
False
Suppose 20 = -9*w + 14*w. Is (-20955)/(-22) + 2/w prime?
True
Suppose 0 = -p - 4*p - 30. Let j(m) = -m**2 + m - 6. Let k be j(p). Let c = k - -131. Is c a composite number?
False
Let i = -1409 - -1600. Is i prime?
True
Let s(j) = 5*j**3 - 6*j**2 - 4*j - 9. Let f(c) = 3*c + 5*c**2 + 5 - 1 + 3 + 1 - 4*c**3. Let z(m) = -6*f(m) - 5*s(m). Is z(-4) composite?
False
Is (118626/153)/((-2)/(-111)) a prime number?
False
Let f(j) = 135*j**2 - 4*j + 54. Is f(19) composite?
True
Is (-230646)/(-156) + (-5)/(-2) prime?
True
Suppose 4*r = 4*n + 1340, -15 = -5*n - 0*n. Suppose -t = -5*k + 207, -4*k - 60 = t + 129. Let a = t + r. Is a composite?
True
Let a = -507 + 1203. Suppose -2*c + v = 3*v - a, -5*c + 1720 = -5*v. Let r = c + -131. Is r a prime number?
False
Is -4 + 12/(132/1085161) a composite number?
True
Let o = 13 - 8. Let w(a) = -6*a**3 - 3*a**2 - 8*a - 3. Let y(j) = 5*j**3 + 2*j**2 + 7*j + 3. Let m(s) = o*y(s) + 4*w(s). Is m(4) composite?
False
Let y(m) = 8*m - 7. Let n be y(2). Suppose 2743 = 10*s - n*s. Is s a composite number?
True
Let a = 35 - 31. Suppose -a*f + 312 = -44. Is f prime?
True
Suppose 1861 = 2*v + 5*w, -3*w = -5*w - 10. Is v prime?
False
Suppose y = 10 + 10. Suppose -24*v + 6548 = -y*v. Is v composite?
False
Let t(a) = a**2 + 8*a + 9. Let l be t(-7). Suppose 0 = y + l*w + 18 + 7, -2*y - 58 = -4*w. Is 1 + 0 - (y - -2) a composite number?
True
Suppose -4*a - 5*x = -214 - 1118, -3*a = -3*x - 1026. Suppose 2*g = 4*v + g - 489, 0 = -3*v - 5*g + a. Is v a composite number?
True
Let x be 6*(-4)/(-48)*4. Suppose 5*b = -0*w - x*w + 937, -w = -1. Let t = b - 24. Is t composite?
False
Let i = 25 - 11. Suppose 5*j = -4 + i. Suppose 17 = j*h - 925. Is h a prime number?
False
Suppose -4*z + 97477 = -123027. Suppose 11*n + 5769 = z. Is n a prime number?
False
Let o(z) = 6*z**2 + 13*z + 9. Let u be 4*(-6)/(-48)*44. Is o(u) composite?
True
Let c be -254 + (1 - (-4 - -7)). Let f = c - -369. Is f a prime number?
True
Let c(s) = -4*s**2 + 2*s - 1. Let y be c(1). Let g(q) = -17*q**3 - 5*q**2 + q - 4. Is g(y) a prime number?
False
Let a be (-4)/1*(-14)/28. Suppose a*m = -5*m. Suppose m*s + 584 = 4*v + 4*s, -5*s + 432 = 3*v. Is v prime?
True
Let k be (1 - (0 - -4))/(-1). Suppose -2*y + 6*y = 5460. Suppose -k*z + w + 3503 = 0, 5*w + 7210 = 5*z + y. Is z a prime number?
False
Suppose -n = y - 8129 - 6863, -3*y + 44951 = -2*n. Is y a prime number?
False
Suppose 0 = 2*y + 6, 3*s - 3167 = 5*y + 5665. Is s a prime number?
True
Let a = -9818 - -33709. Is a a prime number?
False
Let z(p) = 8*p**2 + p + 1. Let r be z(-1). Let k(a) = -7*a**2 + 3*a + 7. Let v(d) = -8*d**2 + 3*d + 6. Let y(h) = -3*k(h) + 2*v(h). Is y(r) prime?
False
Suppose 26 = 2*c - 122. Let w = 563 - c. Is w composite?
True
Let z = -171 - -35. Let u = z + 299. Is u a prime number?
True
Let g = 944 + -528. Suppose h + 137 = g. Suppose x - h = 112. Is x a prime number?
False
Suppose 2*k - 4862 = 2*d, -3*k + 552 + 6725 = d. Is k a prime number?
False
Let n = 33 + 312. Suppose -5*m + n = -2*m. Is m a prime number?
False
Let y(n) = 2583*n**3 - 2*n**2 + 1. Let o be y(1). Let g = -1328 + o. Suppose g = 5*p - s, 5*p + s = -0*p + 1256. Is p composite?
False
Let y = 2 + 0. Suppose -3*v + 218 = 2*n + 67, -4*n + 106 = y*v. Is v composite?
True
Let p be (-1 - 52/(-28))*7. Let h = -13 + p. Is (-1134)/h - (2 + -1) a prime number?
False
Let w = -24622 + 80813. Is w prime?
False
Let c(t) = t**2 - 13*t + 15. Let d be c(12). Suppose d*a - 462 = 465. Is a a prime number?
False
Let a(y) = -y + y - 2 + 4*y + y - y**2. Let z be a(2). Suppose 1307 = 5*w + 4*s, -3*w - s + z*s + 768 = 0. Is w a prime number?
False
Let k(b) = b**3 - 15*b**2 - 19*b - 41. Let x be k(18). Let y = x - -70. Is y a prime number?
True
Let l(w) = 16*w**2 + w - 4. Let m(c) = 15*c**2 + c - 5. Let d(v) = 6*l(v) - 4*m(v). Let s be d(4). Suppose -s = 7*p - 11*p. Is p a prime number?
False
Let g = -276 + 133